{"id":123,"date":"2022-07-25T08:32:10","date_gmt":"2022-07-25T08:32:10","guid":{"rendered":"https:\/\/demo.sparklewpthemes.com\/constructionlight\/insurance-lite\/?page_id=123"},"modified":"2026-03-14T20:39:32","modified_gmt":"2026-03-14T20:39:32","slug":"health-insurance","status":"publish","type":"page","link":"https:\/\/protecciontotal.us\/index.php\/health-insurance\/","title":{"rendered":"Cuidado a Largo Plazo"},"content":{"rendered":"<h2>Cuidado a Largo Plazo<\/h2>\n<p data-start=\"245\" data-end=\"661\">El cuidado a largo plazo es una forma de protecci\u00f3n dise\u00f1ada para brindar asistencia m\u00e9dica y apoyo diario a personas que, debido a edad, enfermedad o discapacidad, necesitan ayuda para realizar actividades esenciales como ba\u00f1arse, vestirse, alimentarse o administrar su medicaci\u00f3n. Este tipo de cobertura ayuda a preservar la calidad de vida y proporciona tranquilidad tanto a los beneficiarios como a sus familias.<\/p>\n<p data-start=\"663\" data-end=\"988\">A diferencia de un seguro m\u00e9dico tradicional, que se enfoca en atenci\u00f3n hospitalaria y m\u00e9dica inmediata, el cuidado a largo plazo est\u00e1 pensado para cubrir necesidades continuas y sostenidas. Puede incluir servicios en el hogar, centros de atenci\u00f3n asistida, residencias de cuidado especializado y programas de rehabilitaci\u00f3n.<\/p>\n<p data-start=\"990\" data-end=\"1299\">Nuestro objetivo es ayudarte a comprender c\u00f3mo funciona el cuidado a largo plazo y a seleccionar un plan que se ajuste a tus necesidades y las de tu familia. Con la planificaci\u00f3n adecuada, es posible garantizar que tus seres queridos reciban la atenci\u00f3n necesaria sin enfrentar cargas financieras inesperadas.<\/p>\n<p data-start=\"1301\" data-end=\"1375\">Los beneficios principales de un seguro de cuidado a largo plazo incluyen:<\/p>\n<p data-start=\"1377\" data-end=\"1729\">\u2022 Asistencia en actividades diarias como higiene, alimentaci\u00f3n y movilidad<br data-start=\"1451\" data-end=\"1454\" \/>\u2022 Servicios m\u00e9dicos y de rehabilitaci\u00f3n en el hogar o en centros especializados<br data-start=\"1533\" data-end=\"1536\" \/>\u2022 Protecci\u00f3n financiera frente a gastos prolongados de atenci\u00f3n<br data-start=\"1599\" data-end=\"1602\" \/>\u2022 Tranquilidad para ti y tu familia, asegurando cuidado de calidad<br data-start=\"1668\" data-end=\"1671\" \/>\u2022 Opciones flexibles seg\u00fan tus necesidades y presupuesto<\/p>\n<p data-start=\"1731\" data-end=\"2052\">Elegir un plan de cuidado a largo plazo adecuado es una decisi\u00f3n clave para proteger tu bienestar y garantizar que tu familia no tenga que asumir la carga de cuidados inesperados. Nuestro equipo est\u00e1 comprometido a brindarte orientaci\u00f3n profesional y personalizada para ayudarte a encontrar la mejor cobertura disponible.<\/p>\n<h6 data-start=\"2054\" data-end=\"2164\"><strong data-start=\"2054\" data-end=\"2164\">Planifica hoy para proteger tu futuro y el de tu familia con un seguro de cuidado a largo plazo confiable.<\/strong><\/h6>\n<p data-start=\"2166\" data-end=\"2286\">Cont\u00e1ctanos para recibir asesor\u00eda personalizada y conocer las opciones de cobertura que mejor se adapten a tu situaci\u00f3n.<a href=\"https:\/\/protecciontotal.us\/index.php\/cuidado-a-largo-plazo\/\">Cuidado a Largo Plazo<\/a><\/p>\n\n\n<p><\/p>\n","protected":false},"excerpt":{"rendered":"<p>Cuidado a Largo Plazo El cuidado a largo plazo es una forma de protecci\u00f3n dise\u00f1ada para brindar asistencia m\u00e9dica y apoyo diario a personas que, debido a edad, enfermedad o discapacidad, necesitan ayuda para realizar actividades esenciales como ba\u00f1arse, vestirse, alimentarse o administrar su medicaci\u00f3n. Este tipo de cobertura ayuda&hellip;<\/p>\n","protected":false},"author":1,"featured_media":19,"parent":0,"menu_order":0,"comment_status":"closed","ping_status":"closed","template":"","meta":{"footnotes":""},"class_list":["post-123","page","type-page","status-publish","has-post-thumbnail","hentry"],"_links":{"self":[{"href":"https:\/\/protecciontotal.us\/index.php\/wp-json\/wp\/v2\/pages\/123","targetHints":{"allow":["GET"]}}],"collection":[{"href":"https:\/\/protecciontotal.us\/index.php\/wp-json\/wp\/v2\/pages"}],"about":[{"href":"https:\/\/protecciontotal.us\/index.php\/wp-json\/wp\/v2\/types\/page"}],"author":[{"embeddable":true,"href":"https:\/\/protecciontotal.us\/index.php\/wp-json\/wp\/v2\/users\/1"}],"replies":[{"embeddable":true,"href":"https:\/\/protecciontotal.us\/index.php\/wp-json\/wp\/v2\/comments?post=123"}],"version-history":[{"count":10,"href":"https:\/\/protecciontotal.us\/index.php\/wp-json\/wp\/v2\/pages\/123\/revisions"}],"predecessor-version":[{"id":373,"href":"https:\/\/protecciontotal.us\/index.php\/wp-json\/wp\/v2\/pages\/123\/revisions\/373"}],"wp:featuredmedia":[{"embeddable":true,"href":"https:\/\/protecciontotal.us\/index.php\/wp-json\/wp\/v2\/media\/19"}],"wp:attachment":[{"href":"https:\/\/protecciontotal.us\/index.php\/wp-json\/wp\/v2\/media?parent=123"}],"curies":[{"name":"wp","href":"https:\/\/api.w.org\/{rel}","templated":true}]}}