{"id":136,"date":"2022-07-25T08:49:30","date_gmt":"2022-07-25T08:49:30","guid":{"rendered":"https:\/\/demo.sparklewpthemes.com\/constructionlight\/insurance-lite\/?page_id=136"},"modified":"2026-03-14T18:33:10","modified_gmt":"2026-03-14T18:33:10","slug":"health-insurance-2","status":"publish","type":"page","link":"https:\/\/protecciontotal.us\/index.php\/health-insurance-2\/","title":{"rendered":"Medicare Advantage"},"content":{"rendered":"<p>\u00a0<\/p>\n<h2>Medicare Advantage<\/h2>\n<p data-start=\"228\" data-end=\"593\">Los planes Medicare Advantage, tambi\u00e9n conocidos como <strong data-start=\"282\" data-end=\"302\">Medicare Parte C<\/strong>, son una alternativa a Medicare Original que ofrece cobertura m\u00e9dica completa a trav\u00e9s de compa\u00f1\u00edas privadas aprobadas. Estos planes combinan los beneficios de hospitalizaci\u00f3n y servicios m\u00e9dicos, y en muchos casos incluyen beneficios adicionales que ayudan a mejorar la cobertura de salud.<\/p>\n<p data-start=\"595\" data-end=\"860\">Una de las principales ventajas de los planes Medicare Advantage es que pueden ofrecer beneficios extra que no siempre est\u00e1n incluidos en Medicare Original, como cobertura dental, visi\u00f3n, audici\u00f3n, medicamentos recetados, transporte m\u00e9dico y programas de bienestar.<\/p>\n<p data-start=\"862\" data-end=\"1070\">Nuestro objetivo es ayudarte a entender c\u00f3mo funcionan los planes Medicare Advantage y guiarte en la selecci\u00f3n del plan que mejor se adapte a tus necesidades m\u00e9dicas, tus doctores preferidos y tu presupuesto.<\/p>\n<p data-start=\"1072\" data-end=\"1165\">Dependiendo del plan disponible en tu \u00e1rea, Medicare Advantage puede ofrecer beneficios como:<\/p>\n<p data-start=\"1167\" data-end=\"1487\">\u2022 Cobertura m\u00e9dica y hospitalaria en un solo plan<br data-start=\"1216\" data-end=\"1219\" \/>\u2022 Medicamentos recetados incluidos en muchos planes<br data-start=\"1270\" data-end=\"1273\" \/>\u2022 Beneficios adicionales como dental, visi\u00f3n y audici\u00f3n<br data-start=\"1328\" data-end=\"1331\" \/>\u2022 Programas de bienestar y prevenci\u00f3n<br data-start=\"1368\" data-end=\"1371\" \/>\u2022 L\u00edmites anuales en gastos de bolsillo para mayor protecci\u00f3n financiera<br data-start=\"1443\" data-end=\"1446\" \/>\u2022 Acceso a redes de doctores y hospitales<\/p>\n<p data-start=\"1489\" data-end=\"1725\">Elegir el plan adecuado es una decisi\u00f3n importante, ya que cada plan puede ofrecer diferentes beneficios, redes m\u00e9dicas y costos. Por eso ofrecemos asesor\u00eda personalizada para ayudarte a comparar opciones y tomar una decisi\u00f3n informada.<\/p>\n<p data-start=\"1727\" data-end=\"1909\">Nuestro compromiso es brindarte orientaci\u00f3n clara, profesional y confiable durante todo el proceso, desde entender tus opciones hasta ayudarte con la inscripci\u00f3n o el cambio de plan.<\/p>\n<h6 data-start=\"1911\" data-end=\"1994\"><strong data-start=\"1911\" data-end=\"1994\">Perm\u00edtenos ayudarte a encontrar el plan de Medicare Advantage adecuado para ti.<\/strong><\/h6>\n<p data-start=\"1996\" data-end=\"2102\">Cont\u00e1ctanos hoy mismo para recibir asesor\u00eda personalizada y conocer las opciones de cobertura disponibles.<\/p>\n\n\n<p><\/p>\n","protected":false},"excerpt":{"rendered":"<p>\u00a0 Medicare Advantage Los planes Medicare Advantage, tambi\u00e9n conocidos como Medicare Parte C, son una alternativa a Medicare Original que ofrece cobertura m\u00e9dica completa a trav\u00e9s de compa\u00f1\u00edas privadas aprobadas. Estos planes combinan los beneficios de hospitalizaci\u00f3n y servicios m\u00e9dicos, y en muchos casos incluyen beneficios adicionales que ayudan a&hellip;<\/p>\n","protected":false},"author":1,"featured_media":25,"parent":0,"menu_order":0,"comment_status":"closed","ping_status":"closed","template":"","meta":{"footnotes":""},"class_list":["post-136","page","type-page","status-publish","has-post-thumbnail","hentry"],"_links":{"self":[{"href":"https:\/\/protecciontotal.us\/index.php\/wp-json\/wp\/v2\/pages\/136","targetHints":{"allow":["GET"]}}],"collection":[{"href":"https:\/\/protecciontotal.us\/index.php\/wp-json\/wp\/v2\/pages"}],"about":[{"href":"https:\/\/protecciontotal.us\/index.php\/wp-json\/wp\/v2\/types\/page"}],"author":[{"embeddable":true,"href":"https:\/\/protecciontotal.us\/index.php\/wp-json\/wp\/v2\/users\/1"}],"replies":[{"embeddable":true,"href":"https:\/\/protecciontotal.us\/index.php\/wp-json\/wp\/v2\/comments?post=136"}],"version-history":[{"count":2,"href":"https:\/\/protecciontotal.us\/index.php\/wp-json\/wp\/v2\/pages\/136\/revisions"}],"predecessor-version":[{"id":354,"href":"https:\/\/protecciontotal.us\/index.php\/wp-json\/wp\/v2\/pages\/136\/revisions\/354"}],"wp:featuredmedia":[{"embeddable":true,"href":"https:\/\/protecciontotal.us\/index.php\/wp-json\/wp\/v2\/media\/25"}],"wp:attachment":[{"href":"https:\/\/protecciontotal.us\/index.php\/wp-json\/wp\/v2\/media?parent=136"}],"curies":[{"name":"wp","href":"https:\/\/api.w.org\/{rel}","templated":true}]}}