{"id":142,"date":"2022-07-25T08:58:08","date_gmt":"2022-07-25T08:58:08","guid":{"rendered":"https:\/\/demo.sparklewpthemes.com\/constructionlight\/insurance-lite\/?page_id=142"},"modified":"2022-07-25T08:58:08","modified_gmt":"2022-07-25T08:58:08","slug":"policies","status":"publish","type":"page","link":"https:\/\/protecciontotal.us\/index.php\/policies\/","title":{"rendered":"Policies"},"content":{"rendered":"<div id=\"pl-142\"  class=\"panel-layout\" ><div id=\"pg-142-0\"  class=\"panel-grid panel-no-style\" ><div id=\"pgc-142-0-0\"  class=\"panel-grid-cell\" ><div id=\"panel-142-0-0-0\" class=\"so-panel widget widget_construction_light_service panel-first-child panel-last-child\" data-index=\"0\" >            \r\n                <section class=\"cons_light_feature layout_one\">\r\n                    <div class=\"container\">\r\n\r\n                                    <div class=\"row\">\n\n                <div class=\"col-lg-12 col-sm-12 col-xs-12\">\n\n                    \n                        <h2 class=\"section-title\">Our Policies<\/h2>\n\n                    \n                            <div class=\"section-tagline\">Lorem ipsum dolor sit amet, consectetur adipiscing elit. Ut elit tellus, luctus nec ullamcorper mattis, pulvinar dapibus leo.<\/div>\n\n                    \n                <\/div>\n\n            <\/div>\n        \r\n                        <div class=\"row\">\r\n                                                            <div class=\"col-lg-4 col-md-4 col-sm-6 col-xs-12 feature-list\">\r\n                                    <div class=\"box\">\r\n                                        <figure>\r\n                                            <a href=\"https:\/\/protecciontotal.us\/index.php\/health-insurance\/\"><img loading=\"lazy\" decoding=\"async\" width=\"350\" height=\"280\" src=\"https:\/\/protecciontotal.us\/wp-content\/uploads\/2022\/07\/family-moving-using-boxes-1-350x280.jpg\" class=\"attachment-construction-light-medium size-construction-light-medium wp-post-image\" alt=\"\" \/><\/a>\r\n                                        <\/figure>\r\n\r\n                                        <div class=\"bottom-content\">\r\n                                            <h3><a href=\"https:\/\/protecciontotal.us\/index.php\/health-insurance\/\">Cuidado a Largo Plazo<\/a><\/h3>\r\n                                            <p>Cuidado a Largo Plazo El cuidado a largo plazo es una forma de protecci\u00f3n dise\u00f1ada para brindar asistencia m\u00e9dica y apoyo diario a personas que, debido a edad, enfermedad o discapacidad, necesitan ayuda para realizar actividades esenciales como ba\u00f1arse, vestirse, alimentarse o administrar su medicaci\u00f3n. Este tipo de cobertura ayuda&hellip;<\/p>\n                                                <a href=\"https:\/\/protecciontotal.us\/index.php\/health-insurance\/\" class=\"btn btn-primary\">Read More<i class=\"fas fa-arrow-right\"><\/i><\/a>\r\n                                                                                    <\/div>\r\n                                    <\/div>\r\n                                <\/div>\r\n                                                            <div class=\"col-lg-4 col-md-4 col-sm-6 col-xs-12 feature-list\">\r\n                                    <div class=\"box\">\r\n                                        <figure>\r\n                                            <a href=\"https:\/\/protecciontotal.us\/index.php\/health-insurance-3\/\"><img loading=\"lazy\" decoding=\"async\" width=\"350\" height=\"280\" src=\"https:\/\/protecciontotal.us\/wp-content\/uploads\/2022\/07\/laptop-computer-writing-working-table-coffee-764674-pxhere.com-1-350x280.jpg\" class=\"attachment-construction-light-medium size-construction-light-medium wp-post-image\" alt=\"\" \/><\/a>\r\n                                        <\/figure>\r\n\r\n                                        <div class=\"bottom-content\">\r\n                                            <h3><a href=\"https:\/\/protecciontotal.us\/index.php\/health-insurance-3\/\">Seguro de Vida<\/a><\/h3>\r\n                                            <p>\u00a0 Seguro de Vida El seguro de vida es una herramienta esencial para proteger el futuro financiero de tu familia y garantizar tranquilidad en los momentos m\u00e1s importantes. Nadie puede predecir lo que ocurrir\u00e1 ma\u00f1ana, pero contar con un seguro de vida te permite asegurarte de que tus seres queridos&hellip;<\/p>\n                                                <a href=\"https:\/\/protecciontotal.us\/index.php\/health-insurance-3\/\" class=\"btn btn-primary\">Read More<i class=\"fas fa-arrow-right\"><\/i><\/a>\r\n                                                                                    <\/div>\r\n                                    <\/div>\r\n                                <\/div>\r\n                                                            <div class=\"col-lg-4 col-md-4 col-sm-6 col-xs-12 feature-list\">\r\n                                    <div class=\"box\">\r\n                                        <figure>\r\n                                            <a href=\"https:\/\/protecciontotal.us\/index.php\/health-insurance\/\"><img loading=\"lazy\" decoding=\"async\" width=\"350\" height=\"280\" src=\"https:\/\/protecciontotal.us\/wp-content\/uploads\/2022\/07\/family-moving-using-boxes-1-350x280.jpg\" class=\"attachment-construction-light-medium size-construction-light-medium wp-post-image\" alt=\"\" \/><\/a>\r\n                                        <\/figure>\r\n\r\n                                        <div class=\"bottom-content\">\r\n                                            <h3><a href=\"https:\/\/protecciontotal.us\/index.php\/health-insurance\/\">Cuidado a Largo Plazo<\/a><\/h3>\r\n                                            <p>Cuidado a Largo Plazo El cuidado a largo plazo es una forma de protecci\u00f3n dise\u00f1ada para brindar asistencia m\u00e9dica y apoyo diario a personas que, debido a edad, enfermedad o discapacidad, necesitan ayuda para realizar actividades esenciales como ba\u00f1arse, vestirse, alimentarse o administrar su medicaci\u00f3n. Este tipo de cobertura ayuda&hellip;<\/p>\n                                                <a href=\"https:\/\/protecciontotal.us\/index.php\/health-insurance\/\" class=\"btn btn-primary\">Read More<i class=\"fas fa-arrow-right\"><\/i><\/a>\r\n                                                                                    <\/div>\r\n                                    <\/div>\r\n                                <\/div>\r\n                                                            <div class=\"col-lg-4 col-md-4 col-sm-6 col-xs-12 feature-list\">\r\n                                    <div class=\"box\">\r\n                                        <figure>\r\n                                            <a href=\"https:\/\/protecciontotal.us\/index.php\/health-insurance-2\/\"><img loading=\"lazy\" decoding=\"async\" width=\"350\" height=\"280\" src=\"https:\/\/protecciontotal.us\/wp-content\/uploads\/2022\/07\/landscape-grass-architecture-wood-farm-lawn-792610-pxhere.com-1-350x280.jpg\" class=\"attachment-construction-light-medium size-construction-light-medium wp-post-image\" alt=\"\" \/><\/a>\r\n                                        <\/figure>\r\n\r\n                                        <div class=\"bottom-content\">\r\n                                            <h3><a href=\"https:\/\/protecciontotal.us\/index.php\/health-insurance-2\/\">Medicare Advantage<\/a><\/h3>\r\n                                            <p>\u00a0 Medicare Advantage Los planes Medicare Advantage, tambi\u00e9n conocidos como Medicare Parte C, son una alternativa a Medicare Original que ofrece cobertura m\u00e9dica completa a trav\u00e9s de compa\u00f1\u00edas privadas aprobadas. Estos planes combinan los beneficios de hospitalizaci\u00f3n y servicios m\u00e9dicos, y en muchos casos incluyen beneficios adicionales que ayudan a&hellip;<\/p>\n                                                <a href=\"https:\/\/protecciontotal.us\/index.php\/health-insurance-2\/\" class=\"btn btn-primary\">Read More<i class=\"fas fa-arrow-right\"><\/i><\/a>\r\n                                                                                    <\/div>\r\n                                    <\/div>\r\n                                <\/div>\r\n                                                    <\/div>\r\n                    <\/div>\r\n                <\/section>\r\n            <\/div><\/div><\/div><\/div>","protected":false},"excerpt":{"rendered":"","protected":false},"author":1,"featured_media":0,"parent":0,"menu_order":0,"comment_status":"closed","ping_status":"closed","template":"template-pagebuilder.php","meta":{"footnotes":""},"class_list":["post-142","page","type-page","status-publish","hentry"],"_links":{"self":[{"href":"https:\/\/protecciontotal.us\/index.php\/wp-json\/wp\/v2\/pages\/142","targetHints":{"allow":["GET"]}}],"collection":[{"href":"https:\/\/protecciontotal.us\/index.php\/wp-json\/wp\/v2\/pages"}],"about":[{"href":"https:\/\/protecciontotal.us\/index.php\/wp-json\/wp\/v2\/types\/page"}],"author":[{"embeddable":true,"href":"https:\/\/protecciontotal.us\/index.php\/wp-json\/wp\/v2\/users\/1"}],"replies":[{"embeddable":true,"href":"https:\/\/protecciontotal.us\/index.php\/wp-json\/wp\/v2\/comments?post=142"}],"version-history":[{"count":0,"href":"https:\/\/protecciontotal.us\/index.php\/wp-json\/wp\/v2\/pages\/142\/revisions"}],"wp:attachment":[{"href":"https:\/\/protecciontotal.us\/index.php\/wp-json\/wp\/v2\/media?parent=142"}],"curies":[{"name":"wp","href":"https:\/\/api.w.org\/{rel}","templated":true}]}}